at is the highest common factor of i and w?
13
Let t be (-4)/6 + (-120)/(-45). Suppose -76 = -4*b - 4*g, -5*g = t*b - 16 - 7. Let o be (-36)/(-1) - (-2 + 2). What is the highest common factor of b and o?
12
Suppose g - 4*g - 9 = 0. Let s be (-1436)/(-12) - 1/g. Let q be 3 - ((-6)/(-3) - s). What is the greatest common divisor of q and 11?
11
Suppose 7*g - 10*g = -4*c - 1852, -3*g + c = -1849. Calculate the greatest common factor of 56 and g.
56
Suppose 3*r = -12*r + 105. What is the greatest common divisor of 63 and r?
7
Suppose b = 16 - 29. Suppose 1 + 16 = g. Let h = g + b. What is the greatest common factor of 44 and h?
4
Let l(b) = -6*b**3 - b**2 + 2*b - 1. Let x be 8/6 - (-5)/(-15). Let h be l(x). Let g be (4/(-6))/(2/h). What is the highest common divisor of 10 and g?
2
Let b = 375 + -111. Calculate the highest common factor of b and 3.
3
Suppose 0 = -32*o + 35*o, d = 5*o + 110. What is the greatest common divisor of d and 22?
22
Let n = 51 - 34. Suppose -3*i - 5*t - 10 = 0, 4*t = i - n - 8. Let q = 75 - i. What is the highest common divisor of q and 14?
14
Suppose 4*r = -2*n, 5*n + 4*r + 16 - 4 = 0. Let t be 36 - (-1)/(n/8). Suppose -4*o + t = -10. Calculate the greatest common factor of o and 44.
11
Let t(l) = -l**3 + 6*l**2 + 7*l + 5. Let z be t(7). Suppose -12*a + 105 = -5*a. What is the highest common factor of z and a?
5
Suppose 0 = 4*q + 5*g - g - 204, -5*q + 5*g = -285. Suppose 0 = 7*a - 9*a. Suppose a = -4*d + 2*d + 12. Calculate the highest common factor of d and q.
6
Suppose 0 = -4*j + 12 - 4. Let i be 79 + (0 - (8 - 4)). Suppose -3*h - j*h + i = 0. What is the highest common factor of h and 15?
15
Let c(i) = -4 - 2*i + 5*i**2 + 2 + 4*i. Let v be c(3). Suppose 4*t - 385 = -v. What is the highest common factor of 12 and t?
12
Suppose -54 = -5*n + 8*n. Let i = 8 - 54. Let b = n - i. Calculate the greatest common divisor of 4 and b.
4
Suppose 0 = -p - 3*w + 50, -5*w = -3*p - 0*w + 178. Let l = 128 + -114. What is the highest common factor of l and p?
14
Suppose -s + 41 = -8*d + 3*d, -4*s + 64 = 5*d. Suppose r - 3*p = 39, 125 = 3*r - p - 0*p. Calculate the highest common divisor of s and r.
21
Let t(h) = 17*h + 219. Let q be t(-7). Calculate the highest common divisor of 75 and q.
25
Let a = 37 - -2. Let b be -21*(3 - 4*4). What is the greatest common factor of b and a?
39
Suppose s + 51 = 5*c, -3*c = -3*s - 2*s - 35. Suppose -4*g - 5*a = -5*g + 80, 134 = 2*g + 3*a. What is the greatest common factor of g and c?
10
Let d be (1 - 2/1)/1. Let r be (-16)/(-1) + (d - 2). Suppose 0 = -23*i - 257 + 2948. What is the highest common factor of r and i?
13
Suppose -235 = -4*d - t - 36, -53 = -d + 3*t. Calculate the greatest common divisor of 25 and d.
25
Suppose 0*b + 4*d = -2*b + 24, 0 = 2*b + 2*d - 14. What is the greatest common factor of 58 and b?
2
Let i(q) = -q + 83. Let k be i(-4). Calculate the greatest common divisor of k and 145.
29
Let u = 42 + -39. Let d(y) = y**2 - y. Let k be d(u). Calculate the greatest common factor of 6 and k.
6
Let y be (-4)/(-6)*(-39)/(-2). Let c(f) = f**2 + 7*f + 1. Let t be c(-8). Let p be (-2 - -38) + 9*3/t. Calculate the highest common factor of y and p.
13
Let o be ((-4)/3)/(14/(-21)). Let s be ((-12)/5)/(o/(-25)). What is the highest common factor of s and 6?
6
Let r = 3 + -5. Let i be 2 + -4 + (-32)/r. Let o = 5923 + -5881. What is the greatest common factor of o and i?
14
Let o(m) = 77*m**2 - 2. Let j be o(1). Calculate the greatest common divisor of 15 and j.
15
Let l(h) = -h**3 + 25*h**2 - 19*h - 39. Let b be l(24). Let j(w) = w + 4. Let c be j(5). What is the greatest common divisor of b and c?
9
Let q = -1230 + 2210. Suppose 7*r - q = 2*r + 5*w, 5*r = 3*w + 988. What is the greatest common divisor of r and 25?
25
Let y(p) = 2*p**2 - 5*p + 8. Let f be y(5). Let b = f - 26. What is the highest common factor of 7 and b?
7
Let o(h) = -3*h - 30. Let f be o(-9). Let b be (68/12 + f)*9/1. Calculate the highest common divisor of 60 and b.
12
Let b = 161 + -111. Calculate the highest common divisor of 30 and b.
10
Suppose -5*y = -3*y. Let r be (6 - -2) + y + 0. What is the highest common factor of 1 and r?
1
Suppose 29 = 26*u - 22*u - 5*r, -3*r = 3*u - 15. Let f be 4/14 - (-122)/14. What is the greatest common divisor of u and f?
3
Let q = 306 - 274. Calculate the greatest common divisor of q and 64.
32
Suppose -c + 46 - 11 = 0. Let p = 195 - 190. What is the greatest common divisor of p and c?
5
Let p be (-9)/(-3) - (1 + -42). Calculate the highest common factor of 55 and p.
11
Let r(m) = -m**2 + 31*m - 17. Let q be r(18). What is the greatest common factor of q and 31?
31
Let b(m) = -m - 7. Let a be b(0). Let s = a - -10. Suppose 3*u = -5*g + 45, 2*g + 14 = 5*u - s*u. What is the greatest common divisor of u and 30?
10
Let h = -25 + 65. Suppose 3*w + h = 5*w. What is the highest common factor of w and 8?
4
Suppose 0*k - 33*k + 429 = 0. What is the greatest common factor of k and 364?
13
Let c(s) = s**3 + 13*s**2 + 9*s - 31. Let b be c(-12). Let f(z) = z**3 - 4*z**2 - 6*z + 15. Let m be f(b). What is the greatest common factor of m and 90?
10
Let q(l) = -l**3 + 3*l**2 + 7*l - 10. Let k be q(4). Let w be k*1 + (25 - 4 - -2). What is the highest common factor of w and 75?
25
Let m = -6 + 11. Let z be (-1)/m + 3/15. Let l(x) = -x + 44. Let d be l(z). Calculate the greatest common factor of d and 4.
4
Let p(w) = -2*w + 9. Let c be p(9). Let s be ((-6)/c)/(-4 + 2188/546). Suppose 0 = 2*d - 16 - 10. What is the greatest common factor of d and s?
13
Suppose -102 + 6 = -6*z. What is the greatest common divisor of 1072 and z?
16
Let f = -9 + 17. Let z be 336/(-60)*110/(-4). Suppose f*y = 10*y - z. What is the greatest common divisor of y and 11?
11
Suppose 0 = 15*n - 10*n - 5. What is the highest common factor of 58 and n?
1
Let t be (-2)/3*(-123)/2. Calculate the greatest common factor of 123 and t.
41
Let z be 35/20 - ((-108)/(-16) + -7). Calculate the greatest common divisor of z and 9.
1
Let k = -441 - -455. What is the highest common divisor of k and 994?
14
Let a(f) = -31*f**2 + 103*f**2 - 34*f**2 - 37*f**2 - 17. Let u be a(11). Calculate the greatest common divisor of 13 and u.
13
Let t(o) = 2*o**2 - 7*o + 21. Let r be t(3). What is the greatest common factor of 6 and r?
6
Let s be (-9)/((-189)/14)*(-15)/(-2). Suppose -s*g - 2*n + 385 = -n, -2*n - 231 = -3*g. What is the greatest common divisor of 11 and g?
11
Suppose -7*t + 1771 = -0*t. Suppose 3*o - 5*o + 40 = 3*z, 3*z = -o + 17. Calculate the greatest common divisor of t and o.
23
Let w(i) = 5*i - 38. Let q be w(9). Calculate the highest common factor of q and 917.
7
Let n be ((-12)/(-8))/(6/16). Suppose 1161*t + 216 = 1167*t. Calculate the greatest common factor of n and t.
4
Suppose 5*k = 25, -h - 28*k + 1376 = -24*k. What is the highest common factor of h and 12?
12
Let s be 12/10*120/(-9). Let i = s - -36. Let d be (4 + (-40)/4)*(-4)/6. What is the highest common factor of i and d?
4
Suppose -2*x = 5*o - 106, 3*o - 3*x = x + 74. Suppose 4*t - o = -54. Let l be -2*34/t*4. What is the greatest common divisor of 85 and l?
17
Let u be -3 + (18 - (-4 - -3)). Let k(i) = -i**3 + 9*i**2 - 11*i + 19. Let r be k(7). What is the greatest common factor of r and u?
8
Suppose 3*x = -9, 4*t - 2*x - 38 = 96. Let f be (24/16 + 0)*(-512)/(-3). What is the greatest common divisor of t and f?
32
Suppose -2*d - 3*d = -i + 434, 4*d = -i - 340. Let m = -68 - d. Calculate the highest common factor of 27 and m.
9
Let y(p) = p**2 + 3*p - 10. Let n be y(3). Let i = 54 - 34. Calculate the greatest common divisor of n and i.
4
Suppose 4*s + 5*n = s + 50, 5*n = -s + 30. Let a be s/15 + (-500)/(-6). Let q be -5 + (34/6)/((-3)/(-9)). Calculate the highest common divisor of q and a.
12
Let r(z) = 6*z**2 - 2*z - 4. Let x(b) = -13*b**2 + 3*b + 8. Let m(a) = 7*r(a) + 3*x(a). Let q be m(4). What is the highest common divisor of q and 3?
3
Let f be 1/((34/119)/(3 + -1)). Calculate the greatest common divisor of f and 343.
7
Let q be ((-4)/(-5))/(1/5). Let s be q/(-16) + (-25)/(-4). Let r = s + 17. Calculate the greatest common divisor of r and 161.
23
Suppose u - 2*u + 5*n = -79, -8 = 4*n. Suppose 0 = -4*p + 7*p + 501. Let q = 190 + p. Calculate the greatest common factor of u a